l(c) = 89*c + 3404. What is l(-38)?
22
Let k(z) = -2*z**3 - 347*z**2 - 177*z - 638. What is k(-173)?
54
Let d(l) = 3*l**3 - 17*l**2 + l - 14. Give d(6).
28
Let r(f) = -2*f**2 + 46*f - 36. Calculate r(21).
48
Let x(t) = -5*t**2 - 19*t + 188. Determine x(-9).
-46
Let w(t) = t**2 - 6*t + 50. Determine w(7).
57
Let z(u) = 25*u + 364. Calculate z(-17).
-61
Let q(b) = -b**3 - 21*b**2 - 12*b + 160. What is q(-20)?
0
Let l(t) = -2*t**2 + 15*t - 31. Give l(-9).
-328
Let i(l) = l**2 + 24*l - 116. Calculate i(-28).
-4
Let i(q) = q**3 + 20*q**2 + 63*q - 33. Calculate i(-16).
-17
Let r(g) = -g**3 + 15*g**2 + 15*g - 243. Calculate r(15).
-18
Let x(z) = -z**3 + 35*z**2 - 49*z - 558. What is x(33)?
3
Let u(d) = 3*d**2 - 3*d - 124. What is u(7)?
2
Let a(f) = f**2 + 17*f - 406. Calculate a(-29).
-58
Let n(m) = m**3 + 41*m**2 + 83*m + 183. Calculate n(-39).
-12
Let o(v) = 3*v**3 + 3*v**2 - 12*v. Calculate o(5).
390
Let o(w) = -w**3 - 62*w**2 + 46*w - 1093. Give o(-63).
-22
Let z(p) = -17*p**2 + 92*p - 30. What is z(5)?
5
Let v(s) = s**3 - 4*s**2 - 25*s + 25. Calculate v(7).
-3
Let k(i) = 2*i**3 - 24*i**2 + 27*i - 4. Give k(1).
1
Let i(x) = -121*x - 7375. What is i(-61)?
6
Let r(c) = -2*c**3 + 14*c**2 - 2*c + 19. Calculate r(7).
5
Let q(h) = 997*h + 1951. Determine q(-2).
-43
Let q(u) = 30*u + 31. Calculate q(-5).
-119
Let s(n) = -59*n - 2622. Give s(-44).
-26
Let x(m) = -m**3 - 10*m**2 - m + 96. Determine x(-9).
24
Let f(g) = -g**3 - 81*g**2 - 525*g - 500. Determine f(-74).
18
Let o(s) = -35*s + 978. What is o(28)?
-2
Let a(d) = -d**3 + 21*d**2 - 58*d - 13. What is a(4)?
27
Let k(b) = -b**2 - 101*b - 1589. Determine k(-81).
31
Let o(c) = 6*c + 17. Calculate o(-5).
-13
Let a(q) = -22470*q + 112347. Give a(5).
-3
Let g(u) = -11*u**2 + 16*u + 13. Determine g(-1).
-14
Let h(q) = 3*q**3 + 178*q**2 - 148*q - 1673. What is h(-60)?
7
Let z(s) = -s**2 - 84*s + 16474. What is z(93)?
13
Let b(q) = -5*q**3 - 273*q**2 - 175*q - 701. Calculate b(-54).
1
Let c(f) = 91*f + 2127. Give c(-25).
-148
Let n(x) = x**3 - 35*x**2 - 40*x + 104. Determine n(36).
-40
Let n(v) = v**2 + 22*v - 999. Calculate n(-43).
-96
Let h(g) = 7*g**2 + 201*g + 1225. Determine h(-20).
5
Let p(w) = 14*w**2 + 560*w + 6. Give p(-40).
6
Let f(w) = 135*w - 3232. Calculate f(24).
8
Let k(g) = 6*g**3 - g**2 - 4*g + 6. What is k(3)?
147
Let p(c) = -25*c**2 - 14*c + 6. Give p(3).
-261
Let u(c) = -1278*c + 111184. Give u(87).
-2
Let x(y) = -y**2 + 5*y + 839. Give x(-27).
-25
Let y(w) = -w**3 + 29*w**2 + 64*w - 1861. What is y(29)?
-5
Let u(o) = 43*o - 1638. What is u(36)?
-90
Let t(q) = -q**3 + 77*q**2 - 290*q - 105. Calculate t(73).
41
Let w(s) = -418*s - 20031. Give w(-48).
33
Let x(t) = -12*t**2 - 101*t - 236. Calculate x(-4).
-24
Let j(d) = 106*d + 207. Give j(-4).
-217
Let r(w) = w**3 - 9*w**2 + 17*w + 6. What is r(4)?
-6
Let p(h) = -25*h - 283. Determine p(-19).
192
Let u(y) = y**3 + 26*y**2 + 89*y. Determine u(-22).
-22
Let v(u) = 7*u**2 - 142*u + 43. Calculate v(20).
3
Let q(m) = -25*m - 1458. Determine q(-60).
42
Let k(b) = -2*b**3 + 77*b**2 + 192*b - 67. Determine k(41).
-600
Let c(g) = 8*g**2 + 591*g - 77. Determine c(-74).
-3
Let k(t) = -39*t**2 + 1216*t - 280. Calculate k(31).
-63
Let x(r) = -r**3 - 3*r - 15. What is x(5)?
-155
Let r(p) = -198*p**2 - 7*p + 3. Determine r(1).
-202
Let l(o) = -4652*o + 88384. Calculate l(19).
-4
Let o(m) = 7*m**2 + 134*m - 389. Calculate o(3).
76
Let r(h) = 3*h**3 + 14*h**2 + 7*h - 2. Give r(-4).
2
Let q(m) = m**3 - 28*m**2 + 56*m - 32. Determine q(25).
-507
Let a(l) = 35*l - 1617. Calculate a(46).
-7
Let l(k) = -k**3 + 22*k**2 - 68*k - 6. Calculate l(4).
10
Let t(n) = 20*n**3 - 97*n**2 - 15*n - 24. Calculate t(5).
-24
Let g(d) = -266*d - 261. Calculate g(-1).
5
Let w(m) = 3*m**2 - 37*m - 18. Determine w(10).
-88
Let z(v) = -3*v**2 + 187*v - 2869. What is z(27)?
-7
Let z(x) = 2*x**3 - 27*x**2 + 61*x + 174. Calculate z(6).
0
Let m(a) = a**3 - 7*a**2 - 85*a - 52. Determine m(-7).
-143
Let s(z) = z**3 - 24*z**2 - 454*z - 4. Determine s(-12).
260
Let n(z) = -z**3 - 58*z**2 - 115*z - 278. Calculate n(-56).
-110
Let b(a) = -a**3 - 68*a**2 - 548*a - 1004. What is b(-59)?
-1
Let w(s) = 5*s**3 + 14*s**2 - 27*s - 28. Determine w(-4).
-16
Let w(u) = 7*u**2 - 23*u - 25. Give w(-4).
179
Let h(w) = -10*w**2 - 61*w + 7. Determine h(-7).
-56
Let c(b) = 41*b - 3788. Calculate c(95).
107
Let q(x) = 16*x + 617. Calculate q(-23).
249
Let r(a) = 2*a**3 - 8*a**2 - 3*a - 9. Calculate r(7).
264
Let i(b) = 3*b**2 - 21*b - 10. Calculate i(9).
44
Let u(x) = -54*x - 348. Give u(-13).
354
Let y(c) = -49*c - 2013. Determine y(-41).
-4
Let d(z) = -9*z + 169. What is d(16)?
25
Let k(f) = f**3 - 41*f**2 + 81*f - 483. Calculate k(39).
-366
Let q(d) = -14*d**2 + 906*d + 100. Determine q(65).
-160
Let z(m) = m**3 + 6*m**2 + m - 5. What is z(-8)?
-141
Let a(i) = -i**2 + 41*i + 200. Give a(45).
20
Let g(j) = -j**3 - j**2 - 73*j - 497. What is g(-5)?
-32
Let h(a) = -a**2 - 44*a + 159. Calculate h(-47).
18
Let x(y) = 3*y**3 + 15*y**2 - 25*y - 74. Calculate x(-5).
51
Let r(w) = 9316*w + 65212. Determine r(-7).
0
Let d(o) = 1179*o + 2373. Determine d(-2).
15
Let m(i) = -2*i**2 + 177*i + 1035. What is m(94)?
1
Let p(g) = -2*g**3 - 81*g**2 + 30*g + 57. Give p(-41).
508
Let q(a) = 2*a**2 - 28*a - 418. Determine q(-12).
206
Let i(z) = -3*z**2 + 43*z - 72. Calculate i(13).
-20
Let l(o) = 520*o + 516. Calculate l(-1).
-4
Let z(y) = 2*y**2 - 175*y - 1428. Determine z(95).
-3
Let h(j) = j**3 - j**2 - 84*j - 27. What is h(10)?
33
Let u(y) = -50*y + 3176. Determine u(62).
76
Let a(s) = -4*s - 164. What is a(0)?
-164
Let p(g) = g**3 + 10*g**2 + 16*g + 136. Calculate p(-8).
136
Let w(n) = 16*n + 189. What is w(-17)?
-83
Let a(h) = 438*h - 430. Give a(1).
8
Let d(k) = 36*k + 259. Calculate d(-5).
79
Let i(n) = n**3 + 102*n**2 - 657*n - 981. Give i(-108).
-9
Let u(n) = -10*n**3 + 2*n**2 - n - 5. What is u(-2)?
85
Let t(l) = 2*l**3 + 2*l**2 - 15*l + 408. What is t(0)?
408
Let o(s) = -s**2 - 56*s - 458. Give o(-13).
101
Let f(j) = -j**3 + 12*j**2 + 33*j - 188. Give f(10).
342
Let i(v) = 8*v**3 + v**2 - 19*v - 20. Give i(-1).
-8
Let u(z) = -z**2 - 58*z - 123. What is u(-56)?
-11
Let u(b) = -2*b**2 + 46*b + 490. Give u(31).
-6
Let j(g) = -21*g**2 + 440*g + 16. Give j(21).
-5
Let g(a) = -a**2 + 67*a + 529. Give g(74).
11
Let j(v) = v**3 - 7*v**2 - 13*v + 89. What is j(8)?
49
Let f(n) = -436*n - 37916. Give f(-87).
16
Let b(u) = -30*u - 119. Calculate b(-7).
91
Let v(o) = -o**2 + 136*o + 1619. What is v(147)?
2
Let l(q) = 150*q + 5408. Determine l(-36).
8
Let a(j) = -114*j**2 - 7*j - 5. What is a(-2)?
-447
Let u(q) = -4*q + 291. Determine u(-9).
327
Let j(v) = 2*v**3 + 40*v**2 + 198*v - 2. What is j(-10)?
18
Let v(w) = 5*w**2 - 27*w - 26. Give v(6).
-8
Let l(u) = 7*u**3 + 3*u**2 - 13*u - 4. Calculate l(4).
440
Let r(q) = -15*q - 150. What is r(-27)?
255
Let v(f) = -f**3 + 18*f**2 - 42*f + 451. What is v(17)?
26
Let y(i) = -10*i**2 - 11*i + 59. Give y(-4).
-57
Let c(b) = 8*b - 186. Give c(16).
-58
Let i(p) = -228*p - 433. Give i(-2).
23
Let i(m) = m**2 - 232*m + 1921. What is i(9)?
-86
Let f(q) = -q**3 - 14*q**2 - 7*q + 210. Determine f(-11).
-76
Let x(z) = 61*z**3 - 18*z - 19. What is x(-1)?
-62
Let r(y) = 2*y**2 - 12*y - 29. Calculate r(-2).
3
Let x(m) = 221*m + 448. Calculate x(-2).
6
Let u(f) = 3*f**3 - 489*f**2 + 478*f + 1320. Calculate u(162).
24
Let l(g) = g**3 + 5*g + 11. Calculate l(-5).
-139
Let m(a) = -a**2 - 83*a - 689. What is m(-9)?
-23
Let r(y) = -51*y - 60. Calculate r(-8).
348
Let z(t) = t**2 - 13*t - 686. Determine z(33).
-26
Let n(r) = 190*r - 2987. Calculate n(16).
53
Let c(u) = 4*u**2 + 16*u + 68. Calculate c(-4).
68
Let s(b) = -b**3 - 50*b**2 + 66*b + 756. Give s(-51).
-9
Let n(r) = 43*r + 166. Determine n(-2).
80
Let s(y) = -y**3 + 39*y**2 - 72*y - 27. Determine s(37).
47
Let j(b) = b**3 - 14*b**2 - 15*b + 458. Give j(7).
10
Let p(t) = -1469*t - 8868. Give p(-6).
-54
Let b(y) = y**3 - 15*y**2 - 46*y - 660. Determine b(19).
-90
Let h(b) = 958*b + 6711. Determine h(-7).
5
Let x(h) = h**3 - 20*h**2 - 125*h - 6. Determine x(25).
-6
Let o(h) = -49*h**2 - 739*h - 63. Determine o(-15).
-3
Let v(r) = -31*r**2 - 151*r + 28. What is v(-5)?
8
Let m(r) = 9*r**2 - 14*r + 15. Calculate m(1).
10
Let h(r) = -3*r**2 - 17